termine v(r).
1
Let i(s) = s**2 + 3*s - 4. Let l = 6 - 9. Let h be l + (3 - 1)/(-1). Calculate i(h).
6
Let l = 0 + -10. Let x = 5 + l. Let w(u) = 4*u**3 + u**2 - u - 2. Let j(b) = -5*b**3 - 2*b**2 + 2*b + 2. Let q(v) = 5*j(v) + 6*w(v). Give q(x).
3
Let a(r) = 2*r**2 + 2*r - 6. Suppose 11 = -i + 7. Let g(y) = -y**2 - y + 3. Let h(l) = i*a(l) - 7*g(l). Calculate h(-3).
-3
Let c(d) = 3*d - 3. Let a be -1 + (-3)/(-3) - (4 - 1). What is c(a)?
-12
Let k(p) = -p + 12*p + 1 - 8*p + 2*p. Determine k(1).
6
Let f(t) be the second derivative of t**5/60 + 5*t**4/24 - t**3 - t**2 - 7*t. Let c(g) be the first derivative of f(g). What is c(-5)?
-6
Let s(m) = 21*m + 29. Let l(o) = -4*o - 6. Suppose d = -4*d - 10. Let k(p) = d*s(p) - 11*l(p). What is k(-6)?
-4
Let h(g) = -2*g - 5. Let r = 9 + -13. What is h(r)?
3
Let p(i) be the third derivative of i**4/24 + 3*i**2. Give p(-2).
-2
Let s(j) = j**3 + 3*j**2 - 5*j - 1. Let r(k) = -2*k + 16. Let h be r(10). Give s(h).
3
Let v(b) = 3*b**3 - 9*b**2 - 18*b + 23. Let g(p) = -p**3 + 3*p**2 + 6*p - 8. Let u(r) = 8*g(r) + 3*v(r). Let c be 21 + -8 + -4 - 1*5. What is u(c)?
-3
Let y(r) = 2*r. Let s(v) = v. Suppose 2*x + 2*x - 20 = 0. Suppose x*i + 3 + 7 = 0. Let j(g) = i*y(g) + 5*s(g). What is j(-4)?
-4
Let w(u) = 3*u + 20. Let a be w(-10). Let c(v) = v**2 + 11*v + 5. Give c(a).
-5
Let c(m) = -31 + 54 - 24 + 4*m - 5*m. Give c(3).
-4
Let w(g) = -1 + 3*g + 3 - 2*g. Let o be w(-3). Let d be -3*(o + (-14)/(-6)). Let f(u) = -u**3 - 5*u**2 - 2*u + 1. Determine f(d).
-7
Let u(h) = 6*h**2 + h. Let v(z) = 5*z - z**2 - 9*z + 2 - 4*z - 8. Let w be v(-7). What is u(w)?
7
Let o(g) = 1 + 1 - 6*g - 1. Determine o(-1).
7
Let t(k) = 5*k - 6. Let n(f) = -6*f + 6. Let w(z) = 6*n(z) + 7*t(z). What is w(0)?
-6
Let h(g) = 1 - g**3 + 0*g**3 + 0*g**3 + g**2 + g. Let j(v) = 2*v**2. Suppose 3*s + 4*b = -s, -2*b = -2*s - 4. Let k(y) = s*h(y) - j(y). Give k(3).
-4
Let n(c) = -c + 1. Let p(r) = -1. Let z(h) = n(h) - p(h). Calculate z(-5).
7
Let y(a) = -a**2 + 2 - 6*a + 0 - 6. Give y(-5).
1
Let a(l) = -2*l - l + l. Determine a(-6).
12
Let f(x) = -17*x + 7 - 8 + 27*x. Give f(1).
9
Let q(d) = -3*d**2 + 1. Let v(k) = -k + 1. Let s(z) = 7*z + 4. Let i(m) = -s(m) - 6*v(m). Let b be i(-9). Determine q(b).
-2
Suppose d + 3*x - 2*x = -7, -d + 5*x = -11. Let g(i) = 3*i + 4. What is g(d)?
-8
Let l(t) = 35 - t**2 - 31 + 0*t**2 + 2*t**2 + 7*t. Give l(-7).
4
Let l(z) = -z**3 - z**2 + z - 1. Let g be (-2)/7 - (-36)/(-21). Let v(k) = -k**2 - 2*k. Let s be v(g). Suppose 2*p + 0*p = s. Calculate l(p).
-1
Let f(w) = 15*w + 33. Let b(a) = 0*a - 4 + 2 - a. Let n(s) = -99*b(s) - 6*f(s). Calculate n(1).
9
Let k(u) be the third derivative of 2*u**2 - 1/3*u**3 + 0 + 0*u - 1/24*u**4. Suppose -5 = 3*a + 1. Calculate k(a).
0
Let n(q) = -6*q**2 - 5*q - 1. Let p(z) = -6*z**2 - 6*z - 1. Let y(x) = -6*n(x) + 5*p(x). Let u = 2 - 3. Calculate y(u).
7
Suppose -3*c = -j + 11, 1 = -j + 2*c + 7. Let p(z) = 4*z - 3*z - 3 - 1. Determine p(j).
-8
Let y(j) = -5*j**2 + 1. Suppose 5*w = -4*m + 24, w = -4*m + 2*w. What is y(m)?
-4
Suppose -3*h + 3*w + 96 = 2*w, -6 = 2*w. Suppose -4*z - t - h = -4*t, 10 = 2*t. Let s(d) = -2*d + 2*d + 3*d + 5. What is s(z)?
-7
Let f be 5 + -2 + 0/(-4). Let l(a) = -f + 4 + a**2 - 2*a + 3*a**2 + 0*a. Give l(1).
3
Let l(x) = 3*x**2 + 3. Let j = 20 + -19. Let a(h) = h**2 - h. Let y(d) = j*l(d) - 4*a(d). What is y(5)?
-2
Let a(y) = -y**2 - 5*y + 1. Suppose -m + 1 - 5 = 0. Let i be a(m). Suppose i = -2*z + z. Let x(t) = -t**3 - 5*t**2 - t + 1. What is x(z)?
6
Let q(m) = -m + 1. Suppose 13 - 12 = -p. What is q(p)?
2
Let h(q) = -5*q + 4. Let x = -138 + 135. Calculate h(x).
19
Let a(l) be the second derivative of -l**4/12 - l**3/2 - 2*l**2 + 9*l. What is a(-4)?
-8
Let i(a) = -a**3 + 2*a**2 - a - 3. Let p(u) = -u**2 - 1. Let z(n) = -i(n) + 5*p(n). Determine z(7).
5
Let d(l) be the first derivative of 4*l**2 + l + 1. Let h = -5 + 6. Give d(h).
9
Let r(d) = -d**3 - 7*d**2 + 8. Let c be r(-7). Let z = 8 - c. Let h(l) = -l**3 + l**2 - l + 5. Calculate h(z).
5
Let k(c) be the first derivative of -c**3/3 + 5*c**2/2 - c - 4. Let m(n) be the first derivative of k(n). Give m(4).
-3
Suppose 5*w + 4 = 4*p + 19, -3*w = -5*p - 9. Let z(j) = -3*j + 3. Give z(w).
-6
Suppose -4*d + d = 0. Let l(n) = 0*n + 2*n + d*n. Calculate l(2).
4
Let p(w) = -3*w**2 + 5. Let y(r) = -3*r**2 + 4. Let t(i) = 3*p(i) - 4*y(i). Calculate t(-1).
2
Let v = 6 - 3. Let o(c) = -5*c**2 - 2*c + 5. Let w(j) be the first derivative of 4*j**3/3 + j**2 - 4*j + 2. Let i(z) = 5*o(z) + 6*w(z). Determine i(v).
-2
Let a = -66 - -66. Let t(c) = c**3 + c**2 - 9. What is t(a)?
-9
Let k(h) = -h**2 + 2*h - 2. Let u(d) = d**3 - 11*d**2 + 10*d - 11. Let w be u(10). Let v = w - -14. Determine k(v).
-5
Let a = -37 - -41. Let d(g) = -2 + 3*g + g - 2. What is d(a)?
12
Let y(j) = 14*j - 9. Let s(t) = 5*t - 3. Let z(g) = 17*s(g) - 6*y(g). Let o(m) = m**2 - 4*m - 5. Let q be o(5). What is z(q)?
3
Let v(w) = w**3 - 6*w**2 + w. Let t be 2/6 + (-96)/18. Let x(a) = -a**3 - 5*a**2 - a + 1. Let r be x(t). Calculate v(r).
6
Let m(g) = 12*g - 1. Let l = 3 - 3. Suppose l = -8*k + 5*k + 3. Give m(k).
11
Let h(u) = u - 2. Let t be ((-2)/3)/(4/12). Calculate h(t).
-4
Let h(u) = u**3 - 9*u**2 + 10*u. Let i be h(8). Let t(v) = i*v - 4*v - 11*v - 2. Give t(0).
-2
Suppose 4*h = -4*d - 4, 3*d + 4*h + h + 9 = 0. Let t(u) = 3 - u**d + 0*u**2 - 4. Let o(v) = 8*v**2 - v + 5. Let j(z) = -o(z) - 4*t(z). What is j(1)?
-4
Suppose -4*l + 2*l = -4. Suppose 3*y + 6 = -3*h - 0*y, -l*h - 16 = 5*y. Let u(j) = -3*j + 2. Determine u(h).
-4
Suppose 44 + 10 = 9*r. Let c(l) = -l**2 + 6*l + 4. What is c(r)?
4
Let i(y) be the third derivative of y**4/24 + 11*y**3/6 + 2*y**2 - 22*y. Give i(-5).
6
Let i(x) = x**3 + 3*x**2 - 2*x - 1. Let l = 14 - 10. Suppose 0 = -z + 2*v - 1 - l, -2*v + 8 = -2*z. Determine i(z).
5
Let r(c) = -5*c**3 - c**2 + c - 1. Let x be r(1). Let f be ((-8)/x)/((-14)/(-21)). Let q(u) = 0*u**3 + 4*u**2 - 4*u + 2*u - u**3 + 2. Determine q(f).
6
Let c(b) = -3*b - 3. Suppose 3*f + 7 = -p, 0 = -5*p + 3*p - 2*f - 10. Calculate c(p).
9
Suppose 5*y - 60 = -0*y. Suppose n - y = 2*n + 3*w, 5*n - 2*w = -26. Let m(v) = -v**2 - 7*v - 4. Determine m(n).
2
Let n(r) be the third derivative of -r**3 + 0*r + 0 - 1/24*r**4 + 3*r**2 + 1/60*r**5. Calculate n(0).
-6
Let h(c) = c**2 - 5. Let d be -5*2/6*3. Let u = 5 + d. Give h(u).
-5
Let d(t) be the third derivative of t**8/20160 - t**7/1260 + t**6/240 - t**5/60 - 2*t**2. Let y(a) be the third derivative of d(a). Give y(4).
3
Let w(o) = o**3 - 4*o**2 - 5. Let d be w(4). Let f(x) = x**2 + 5*x + 2. Determine f(d).
2
Suppose 0 = -3*t - 0*j - j - 2, t + 4*j = 3. Let z(q) be the first derivative of q + 1/2*q**2 - q**3 - 1. Calculate z(t).
-3
Let x(p) = -p**3 + 2 + 4 - 9*p + 6*p**2 + 8*p. Give x(6).
0
Suppose 4*b - 10 = 2*b. Suppose -2*n + 5*a = a + 18, -b*n + 5*a = 25. Let u(o) = -3*o**2 + 1. Calculate u(n).
-2
Let s = -4 - -7. Let y(q) = 7*q**2 + 4*q - 5. Let r(k) = -15*k**2 - 9*k + 11. Let d(m) = -6*r(m) - 13*y(m). Give d(s).
-4
Let p(l) = 2 - 11*l**3 + 3 - 7 + 10*l**3. Give p(-2).
6
Let m(y) = 5*y + 1. Let q(o) = o. Let u(s) = m(s) - 4*q(s). Let i(p) = p**3 - 13*p**2 - 2. Let z be i(13). Let t be (-2 + -1)*z/(-3). What is u(t)?
-1
Let q(y) be the third derivative of -y**6/120 - 7*y**5/60 - y**4/3 - 3*y**3/2 + 2*y**2. Determine q(-6).
3
Suppose 127*v = 113*v. Let f(q) = -q**3 + 5*q**2 - 6*q + 3. Let m(b) = b**2 - b - 1. Let y(n) = f(n) - 5*m(n). Calculate y(v).
8
Let i(q) = 4*q**3 - 3*q**2 - 2*q - 2. Let v(j) = -j**3 - 4*j**2 + 8*j**3 - 3*j - 3 - 2*j**2. Let z(x) = 5*i(x) - 3*v(x). Determine z(3).
-4
Let n(m) be the first derivative of 5*m**3/6 + m**2/2 + 2*m - 1. Let a(s) be the first derivative of n(s). Let b be (0 + 2)/((-2)/(-1)). What is a(b)?
6
Suppose 12 = -p - 5*s, 2*p + s + 50 = -p. Let u be (p/(-51))/((-1)/9). Let n(x) be the third derivative of x**4/24 - x**3/6 - x**2. Determine n(u).
-4
Let s be (-1)/(-2)*2 - -3. Let w(c) be the third derivative of -1/15*c**5 + 1/120*c**6 + 5/6*c**3 + 0 - 1/24*c**4 + 0*c + 7*c**2. Give w(s).
1
Suppose 0 = -2*w + 6 - 0. Let i(m) = 0 - 2*m**w + m - 2*m**2 + 1 + m**3. Let g be (1 - 0)/(1/(-1)). Calculate i(g).
-1
Let z(o) = o**3 + 2. Let c = -2 + 6. Let r(i) = 2*i**2 - 6*i**3 + 5*i**3 +